{"id":223,"date":"2024-11-12T16:26:22","date_gmt":"2024-11-12T15:26:22","guid":{"rendered":"https:\/\/gas.math.cnrs.fr\/reseau-thematique-geometrie-algebrique-et-singularites-english\/"},"modified":"2026-02-06T14:46:12","modified_gmt":"2026-02-06T13:46:12","slug":"reseau-thematique-geometrie-algebrique-et-singularites-english","status":"publish","type":"page","link":"https:\/\/gas.math.cnrs.fr\/?page_id=223&lang=en","title":{"rendered":"CNRS Thematic Network \u00ab\u00a0Algebraic Geometry and Singularity Theory\u00a0\u00bb"},"content":{"rendered":"\n<p>This RT (Thematic Network of CNRS) was created in January 2024 with the goal of bringing together mathematicians working in the fields of algebraic and complex geometry, singularities, and functional equations around the following themes:<\/p>\n\n\n\n<ul class=\"wp-block-list\">\n<li>Axis GAGC: Algebraic Geometry and Complex Geometry;<\/li>\n\n\n\n<li>Axis Singularities: Singularities and Applications;<\/li>\n\n\n\n<li>Axis EFI: Functional Equations and Interactions.<\/li>\n<\/ul>\n\n\n\n<h4 class=\"wp-block-heading\"><strong>Upcoming Events:<\/strong><\/h4>\n\n\n\n<p><strong>The 2026 Annual Meeting:<\/strong> The 2026 meeting will be held at CIRM from <strong>November 02-06<\/strong>, organised by B. Cadorel, T. Delcroix &amp; E. Mazzon..<\/p>\n\n\n\n<p>Four mini-courses will be given by Mirko Mauri, Mircea Musta\u021b\u0103, Sarah Scherotzke and Julia Schneider. The program will be supplemented by research presentations following a call for proposals in early 2026.<\/p>\n\n\n\n<p>The meeting webpage: https:\/\/conferences.cirm-math.fr\/<\/p>\n\n\n\n<p><strong>Events supported by the RT<\/strong> <strong>in 2026<\/strong>:<\/p>\n\n\n\n<ul class=\"wp-block-list\">\n<li>9\u201313 March, <strong><a href=\"https:\/\/winterbraids.math.cnrs.fr\/archive\/winterbraids15\/\">Winterbraids XV<\/a><\/strong>, Aix-Marseille Universit\u00e9<\/li>\n\n\n\n<li>12-13 March, <strong><a href=\"https:\/\/www.mathconf.org\/algstat2026\">Algebraic Statistics<\/a><\/strong>, Lille.<\/li>\n\n\n\n<li>13-17 March,<strong> <strong><a href=\"https:\/\/conferences.cirm-math.fr\/3488.html\">Anneaux de Cox et applications<\/a><\/strong><\/strong>, CIRM.<\/li>\n\n\n\n<li>28-29 May, <strong><a href=\"https:\/\/loray60.sciencesconf.org\/\">Feuilletages et g\u00e9om\u00e9trie complexe<\/a><\/strong>, Conf\u00e9rence en l&rsquo;honneur de Frank Loray, Rennes.<\/li>\n\n\n\n<li>1-5 June, <strong><a href=\"https:\/\/sites.google.com\/view\/algebraicgeometry2026\">Algebraic Geometry<\/a> 2026<\/strong>, Monte Bondone\/Trento.<\/li>\n\n\n\n<li>08-12 June, <strong><a href=\"https:\/\/www.mathconf.org\/srt2026\">Singularities and Related Topic<\/a><\/strong> (In Memory of Mihai Tib\u0103r), Lille.<\/li>\n\n\n\n<li>15-19 June, <strong><strong><a href=\"https:\/\/www.mathconf.org\/snatg2026\">Singular, tropical and non-archimedean interactions<\/a><\/strong><\/strong>, Lille.<\/li>\n\n\n\n<li>22-26 June, <strong><a href=\"https:\/\/www.mathconf.org\/giq2026\"><strong>Geometry of instantons and quivers<\/strong><\/a><\/strong>, Lille.<\/li>\n\n\n\n<li>29 june to 3 july, <strong><a href=\"https:\/\/sites.google.com\/view\/gaelxxxiii\/home\">GAeL XXXIII<\/a><\/strong>, Leiden.<\/li>\n\n\n\n<li>31 august to 4 september, <strong>conFerence on Algebraic Varieties OveR fIniTe fiElds<\/strong>, centre IGESA de Porquerolles.<\/li>\n\n\n\n<li>14-25 Septemer, <strong>Workshop International de G\u00e9om\u00e9trie Alg\u00e9brique R\u00e9elle<\/strong>, Lyon.<\/li>\n\n\n\n<li>6-8 October, <strong><a href=\"https:\/\/efi2026.sciencesconf.org\/\">Journ\u00e9es 2026 de l&rsquo;Axe EFI<\/a><\/strong>, Grenoble.<\/li>\n\n\n\n<li>23-27 November, <strong><a href=\"https:\/\/conferences.cirm-math.fr\/3612.html\">Real analytic geometry and singularity theory<\/a><\/strong>, CIRM.<\/li>\n<\/ul>\n\n\n\n<h4 class=\"wp-block-heading\"><strong>How to Apply for Funding:<\/strong><\/h4>\n\n\n\n<p>If you would like to request funding for a conference or meeting, please send a one-page PDF to the following address: andre.belotto_at_imj-prg.fr, including the following information:<\/p>\n\n\n\n<ul class=\"wp-block-list\">\n<li>Name, date, and location of the conference;<\/li>\n\n\n\n<li>Organizing committee;<\/li>\n\n\n\n<li>Brief description of the theme;<\/li>\n\n\n\n<li>Amount requested and other financial support;<\/li>\n\n\n\n<li>Expected number of participants;<\/li>\n\n\n\n<li>Expected gender parity rate among the speakers.<\/li>\n<\/ul>\n\n\n\n<p><strong>Calendar:<\/strong><\/p>\n\n\n\n<ul class=\"wp-block-list\">\n<li>Funding applications can be submitted throughout the year, but only limited funding will be granted.<\/li>\n\n\n\n<li>Decisions regarding more substantial funding will be made twice a year: in <strong>February<\/strong> and <strong>October<\/strong>. <strong>Please make sure to submit your application before these dates.<\/strong><\/li>\n<\/ul>\n\n\n\n<p><strong>Conditions for Consideration<\/strong>: To be eligible for consideration, the event must:<\/p>\n\n\n\n<ul class=\"wp-block-list\">\n<li>Take place in France ;<\/li>\n\n\n\n<li>Have at least one member of the organizing committee affiliated with a French university or research institute;<\/li>\n\n\n\n<li>Ensure that the ratio of speakers respects a minimum parity rate of 25%.<\/li>\n<\/ul>\n\n\n\n<p><\/p>\n","protected":false},"excerpt":{"rendered":"<p>This RT (Thematic Network of CNRS) was created in January 2024 with the goal of bringing together mathematicians working in the fields of algebraic and complex geometry, singularities, and functional equations around the following themes: Upcoming Events: The 2026 Annual Meeting: The 2026 meeting will be held at CIRM from November 02-06, organised by B. [&hellip;]<\/p>\n","protected":false},"author":1,"featured_media":0,"parent":0,"menu_order":0,"comment_status":"closed","ping_status":"closed","template":"","meta":{"footnotes":""},"class_list":["post-223","page","type-page","status-publish","hentry"],"_links":{"self":[{"href":"https:\/\/gas.math.cnrs.fr\/index.php?rest_route=\/wp\/v2\/pages\/223","targetHints":{"allow":["GET"]}}],"collection":[{"href":"https:\/\/gas.math.cnrs.fr\/index.php?rest_route=\/wp\/v2\/pages"}],"about":[{"href":"https:\/\/gas.math.cnrs.fr\/index.php?rest_route=\/wp\/v2\/types\/page"}],"author":[{"embeddable":true,"href":"https:\/\/gas.math.cnrs.fr\/index.php?rest_route=\/wp\/v2\/users\/1"}],"replies":[{"embeddable":true,"href":"https:\/\/gas.math.cnrs.fr\/index.php?rest_route=%2Fwp%2Fv2%2Fcomments&post=223"}],"version-history":[{"count":20,"href":"https:\/\/gas.math.cnrs.fr\/index.php?rest_route=\/wp\/v2\/pages\/223\/revisions"}],"predecessor-version":[{"id":803,"href":"https:\/\/gas.math.cnrs.fr\/index.php?rest_route=\/wp\/v2\/pages\/223\/revisions\/803"}],"wp:attachment":[{"href":"https:\/\/gas.math.cnrs.fr\/index.php?rest_route=%2Fwp%2Fv2%2Fmedia&parent=223"}],"curies":[{"name":"wp","href":"https:\/\/api.w.org\/{rel}","templated":true}]}}